*j, -4*m + 1282 = -3*j + 1298. Calculate the greatest common factor of l and j.
12
Let a be 4/40 - 2/(20/(-22659)). What is the greatest common factor of a and 88?
22
Let d be (-24)/(-84) + 19/7. Suppose d*o = -336 + 951. Calculate the greatest common factor of o and 82.
41
Suppose 3*w - 1262*v = -1259*v + 210, v = -w + 58. What is the highest common divisor of w and 17184?
32
Let m(r) = r**2 + 6*r + 8. Let g be m(-5). Let b be g/(-6)*13*-2. Let i(c) = 2*c + 1. Let w be i(6). What is the highest common factor of b and w?
13
Suppose -4*w - 4*p - 144 = -8*w, p = -4*w + 149. Suppose -w = -3*u + 2*o, 2*u + 2 - 44 = -3*o. Calculate the highest common factor of 195 and u.
15
Let g be ((-9)/4)/((-235)/25380). What is the highest common divisor of g and 261?
9
Let k = -2508 + 2516. Calculate the greatest common factor of 6056 and k.
8
Let k = -64 + 70. Suppose 0 = 3*f + 2*h - 35, 60 = -2*f + k*f - 4*h. What is the greatest common factor of 26 and f?
13
Let q(v) = 333*v + 3759. Let g be q(-11). What is the greatest common divisor of g and 216?
24
Suppose -3 = w, -3*m + 121 = -3*w - 5. Let l = 2 - -34. Let f = l - 33. Calculate the greatest common factor of m and f.
3
Let g = 332 + -304. Let k(r) = -r**3 + 26*r**2 + 58*r - 26. Let m be k(g). Calculate the greatest common divisor of 80 and m.
10
Suppose -11*d = -16*d + 2*n + 105, 0 = -d - n + 14. Calculate the highest common factor of 19 and d.
19
Let o = 11317 - 11299. Calculate the highest common divisor of o and 11943.
9
Let c = 593 - -112. What is the greatest common factor of 20 and c?
5
Let k be 162/(-15)*6405/(-122). What is the highest common factor of 273 and k?
21
Suppose 0 = -16*c - 591 + 2159. Calculate the greatest common factor of 2534 and c.
14
Let d be 1 + 12 - (18 + -27). What is the highest common factor of d and 10?
2
Suppose -492*m = -494*m - 3*y + 86, -3*m = -2*y - 103. Let i(p) = 482*p - 1. Let j be i(1). What is the greatest common factor of m and j?
37
Suppose 13*h - 8*h = 0. Suppose -5*u - 39 = j, -4*u = j - h + 36. Let v = 44 + j. What is the greatest common divisor of v and 8?
4
Let f(a) = -17*a - 90. Let r be f(-30). Suppose -3*w - 8 + 92 = 0. Calculate the highest common divisor of w and r.
28
Suppose 3*m - 119*f + 123*f - 302 = 0, -4*f = 4*m - 404. What is the greatest common factor of m and 2006?
34
Suppose -3*l = -4*v + 8191, -5*l + 2042 = -113*v + 114*v. What is the highest common divisor of 89 and v?
89
Suppose 0 = -s + 2 + 3. Suppose -s = 5*v - 2*x - 67, -50 = -3*v - 2*x. Suppose -375 = -70*m + 115. What is the highest common divisor of m and v?
7
Suppose 3*a + a - 48 = 0. Let v = 34411 - 34343. What is the greatest common factor of v and a?
4
Suppose 0 = -5*m - 5*x + 265, x - 83 = -2*m + 21. Calculate the greatest common factor of m and 588.
3
Let v(c) = -1750*c + 1436. Let s be v(-2). Calculate the highest common divisor of 8 and s.
8
Let l(t) = -69*t**3 + 9*t**2 + 22*t + 2. Let i be l(-2). What is the highest common divisor of 84 and i?
42
Let c = -32085 + 32264. Calculate the highest common divisor of c and 10.
1
Let v = 5256 + -5206. Calculate the highest common divisor of 20 and v.
10
Let j be (2/12 - (-18)/(-12))/(48/(-72)). Calculate the highest common factor of j and 3410.
2
Let g be -18*(160/12 + 4). Let c = g + 351. What is the greatest common divisor of c and 624?
39
Suppose 36 = 5*f - f. Suppose -6*b - f*b + 90 = 0. Let g = 55 - 53. Calculate the greatest common divisor of b and g.
2
Suppose 0 = -3*h + 110 + 694. Let z = h - 98. Let s(a) = -a + 18. Let l be s(8). What is the highest common factor of z and l?
10
Let x = -463 - -496. Suppose 0 = 30*o - x*o + 273. What is the greatest common factor of o and 26?
13
Let c be (-1)/2*-12 + -4. Suppose 12*s = 17*s - 5*r - 1300, -c*s + 508 = r. What is the highest common divisor of 16 and s?
16
Suppose 2*n - 3*n = 2*n. Suppose 0 = l + 2*c - 47, -3*l - l - 4*c + 180 = n. Let s = l + 2. What is the highest common divisor of 5 and s?
5
Let w = -406 - -418. Calculate the highest common divisor of w and 560.
4
Let c be (4 + (-12)/4)*29. Let q = -5373 + 5376. What is the highest common divisor of q and c?
1
Let b be (-5)/10*(-5 + -1) + 0. Let p be 210/(b - -2) - -1. Suppose -2*z + 4*z - x - p = 0, 5*z + 4*x = 75. What is the highest common factor of 19 and z?
19
Let x be ((-44)/3)/(84/(-252)). What is the greatest common factor of x and 4994?
22
Let z be ((-252)/(-8) + 6)*(-1 - -7). Calculate the greatest common factor of z and 1425.
75
Let c = 3299 + -3167. Calculate the greatest common factor of c and 319.
11
Let q = 9019 - 8613. Calculate the highest common divisor of 1450 and q.
58
Let c = -2539 + 2546. Calculate the highest common factor of 2219 and c.
7
Suppose 2*a - 30 = -16. Let w be 17 + 0 + (a - 4). Suppose 320 - 120 = 2*b. Calculate the highest common factor of w and b.
20
Let o(u) = -27*u + 1. Let p(c) = 3*c - 7*c + c + 14. Let l be p(5). Let t be o(l). Calculate the greatest common divisor of 7 and t.
7
Let k = 45 + 54. Suppose 3*o + 229 = 2*b, -2*o = -b + 29 + 123. Let j = o - -84. Calculate the highest common factor of j and k.
9
Suppose -25 = -f + 4*y, -5*f - 5*y = -0*f - 225. Let b be 1353/6*(3 + -3 + 2). Calculate the highest common divisor of f and b.
41
Let n(b) = 4*b**3 + 83*b**2 - 118*b - 166. Let m be n(-22). Let r be 1 + (-1 - -3)/2. Let p be r/8 + 99/4. Calculate the highest common divisor of m and p.
5
Let m be (-3 + 28/8)*(-5 + 223). Let p = -91 + m. Let w(k) = k**2 + 6*k - 1. Let t be w(7). Calculate the greatest common factor of t and p.
18
Suppose x + x - 112 = 0. Suppose 2*z + 2*m = 96, 3*z + 174 = 6*z - 3*m. Let r = 137 - z. What is the highest common divisor of x and r?
28
Let o be 4 - 2 - 84*(-11)/((-99)/(-30)). Calculate the greatest common factor of o and 3.
3
Suppose 0 = a + 3*a - 16. Suppose q + 17 = -287. Let o = -288 - q. Calculate the greatest common divisor of a and o.
4
Suppose 862*i - 901 = 845*i. Calculate the highest common divisor of 15211 and i.
53
Let n(v) = 2*v**2 + 139*v - 96. Let l be n(-75). What is the highest common factor of l and 36?
9
Suppose 86*l + 84 = 39*l + 2340. What is the highest common divisor of 534 and l?
6
Let h = 418 + -132. Suppose 0 = z - 4*i - 3, 32 = 2*z - 0*i + 5*i. What is the greatest common factor of z and h?
11
Let j be (-1 - 31/2)/(204/(-408)). Suppose -3*m = -0*m - 18. Calculate the highest common divisor of m and j.
3
Suppose 0 = -75*s + 54*s + 13167. What is the highest common factor of s and 11?
11
Let u = 7960 + 9000. Calculate the highest common factor of 64 and u.
64
Let t(u) = u**3 + u**2 + 2*u - 2. Let g be t(1). Let j be (24/2)/(g/1). Suppose -v - 115 = -j*v. What is the greatest common factor of v and 69?
23
Let z be (-1)/(-6)*(-39 + 45) - -5. Let j(y) = y**3 - 12*y**2 + 2*y - 9. Let p be j(12). Calculate the highest common divisor of z and p.
3
Suppose -k = -5*b + 483, 109 = -3*b - k + 402. Suppose b + 155 = -3*c. Let m = c + 118. Calculate the greatest common divisor of m and 17.
17
Let g be (-70)/2625 + 108002/75. What is the highest common factor of g and 5616?
144
Suppose -5*f = 25, 2*o + 1133 = 6*o + 3*f. Suppose 61*l - 7484 = -37*l + 552. Calculate the highest common factor of o and l.
41
Let m be (0 - 3)*(-4 - 90/5). Suppose 4 = -2*b + 5*j - 0*j, -5*b = -j - 13. Suppose -3*w + m = b*w. Calculate the highest common divisor of 55 and w.
11
Suppose 2*p + 3869 = 5*j, 793 = j - 46*p + 48*p. What is the greatest common divisor of 3 and j?
3
Suppose -4*d + 21 = -3. Suppose v - 251 = 2*z - d*z, -2*v = 4*z - 246. Let q = 112 + z. Calculate the highest common divisor of q and 16.
16
Let n be (-10461)/(-12) - 1/(-4) - (-58 - -62). Calculate the highest common divisor of 1116 and n.
124
Let v = -36 - -71. Suppose 20 = -2*j - 3*y, -j + 2*y - 12 = 4*j. Let q be 28362/203 - j/14. What is the highest common factor of q and v?
35
Let m = -318 - -339. Suppose m*x = 149 + 439. What is the highest common divisor of x and 238?
14
Suppose 0 = 2*k + 2, -v + 0*k = k + 31. Let t be -4*5/v - (-742)/3. Calculate the greatest common factor of t and 31.
31
Let y = -50 - -74. Let c(d) = 2*d + 6. Let m(s) = -4*s - 47. Let z be m(-13). Let u be c(z). What is the highest common divisor of y and u?
8
Let c be (-495)/(-20) - ((-81)/12)/(-9). Let q be 4 -